{"id":2120,"date":"2020-11-06T18:56:36","date_gmt":"2020-11-06T17:56:36","guid":{"rendered":"https:\/\/brodinbzh-boutique.fr\/?post_type=product&#038;p=2120"},"modified":"2024-08-07T11:31:28","modified_gmt":"2024-08-07T09:31:28","slug":"peluche-baby-bear-mumbles","status":"publish","type":"product","link":"https:\/\/brodinbzh-boutique.fr\/index.php\/produit\/peluche-baby-bear-mumbles\/","title":{"rendered":"Peluche Baby Bear -MUMBLES"},"content":{"rendered":"<div>Cette belle peluche en tissu tr\u00e8s doux sera un cadeau parfait pour les petits, personnalisez la et le plaisir de la recevoir sera d\u00e9multipli\u00e9 !<\/div>\n<div class=\"content\">100% Peluche polyester.<\/div>\n<div class=\"content\">L&rsquo;ourson en peluche, Un grand Classique, avec un nez, un ventre et des pattes couleur cr\u00e8me contrast\u00e9s, il a un charmant ruban et un n\u0153ud assorti. Parfait pour la personnalisation d&rsquo;un cadeaux.<\/div>\n<div class=\"content\">La broderie personnalis\u00e9 se pose sur le ventre. Il y a un Zip sous le ventre pour un acc\u00e8s au Rembourrage qui est amovible.<\/div>\n<div class=\"content\">Retirer toutes les \u00e9tiquettes avant de donner \u00e0 un enfant.<\/div>\n<div class=\"content\">la peluche est Conforme \u00e0 la norme Europ\u00e9enne pour les jouets EN71. L (45cm)<\/div>\n","protected":false},"excerpt":{"rendered":"<p>Doudou tout doux pour b\u00e9b\u00e9, \u00e0 personnaliser selon vos envies avec une broderie de haute qualit\u00e9 pos\u00e9e ici en centre Bretagne<\/p>\n","protected":false},"featured_media":2124,"comment_status":"open","ping_status":"closed","template":"","meta":[],"product_brand":[],"product_cat":[74],"product_tag":[],"class_list":{"0":"post-2120","1":"product","2":"type-product","3":"status-publish","4":"has-post-thumbnail","6":"product_cat-les-peluches","8":"first","9":"instock","10":"featured","11":"purchasable","12":"product-type-variable"},"wcpa_form_fields":null,"yoast_head":"<!-- This site is optimized with the Yoast SEO plugin v25.8 - https:\/\/yoast.com\/wordpress\/plugins\/seo\/ -->\n<title>Peluche Baby Bear -MUMBLES - Peluche Baby Bear -MUMBLES<\/title>\n<meta name=\"description\" content=\"Doudou tout doux pour b\u00e9b\u00e9, \u00e0 personnaliser selon vos envies avec une broderie de haute qualit\u00e9 pos\u00e9e ici en centre Bretagne\" \/>\n<meta name=\"robots\" content=\"index, follow, max-snippet:-1, max-image-preview:large, max-video-preview:-1\" \/>\n<link rel=\"canonical\" href=\"https:\/\/brodinbzh-boutique.fr\/index.php\/produit\/peluche-baby-bear-mumbles\/\" \/>\n<meta property=\"og:locale\" content=\"fr_FR\" \/>\n<meta property=\"og:type\" content=\"article\" \/>\n<meta property=\"og:title\" content=\"Peluche Baby Bear -MUMBLES - Peluche Baby Bear -MUMBLES\" \/>\n<meta property=\"og:description\" content=\"Doudou tout doux pour b\u00e9b\u00e9, \u00e0 personnaliser selon vos envies avec une broderie de haute qualit\u00e9 pos\u00e9e ici en centre Bretagne\" \/>\n<meta property=\"og:url\" content=\"https:\/\/brodinbzh-boutique.fr\/index.php\/produit\/peluche-baby-bear-mumbles\/\" \/>\n<meta property=\"og:site_name\" content=\"Brod&#039;in BZH\" \/>\n<meta property=\"article:modified_time\" content=\"2024-08-07T09:31:28+00:00\" \/>\n<meta property=\"og:image\" content=\"https:\/\/brodinbzh-boutique.fr\/wp-content\/uploads\/2020\/11\/MM556_m_102549.png\" \/>\n\t<meta property=\"og:image:width\" content=\"500\" \/>\n\t<meta property=\"og:image:height\" content=\"500\" \/>\n\t<meta property=\"og:image:type\" content=\"image\/png\" \/>\n<meta name=\"twitter:card\" content=\"summary_large_image\" \/>\n<meta name=\"twitter:label1\" content=\"Dur\u00e9e de lecture estim\u00e9e\" \/>\n\t<meta name=\"twitter:data1\" content=\"1 minute\" \/>\n<script type=\"application\/ld+json\" class=\"yoast-schema-graph\">{\"@context\":\"https:\/\/schema.org\",\"@graph\":[{\"@type\":\"WebPage\",\"@id\":\"https:\/\/brodinbzh-boutique.fr\/index.php\/produit\/peluche-baby-bear-mumbles\/\",\"url\":\"https:\/\/brodinbzh-boutique.fr\/index.php\/produit\/peluche-baby-bear-mumbles\/\",\"name\":\"Peluche Baby Bear -MUMBLES - Peluche Baby Bear -MUMBLES\",\"isPartOf\":{\"@id\":\"https:\/\/brodinbzh-boutique.fr\/#website\"},\"primaryImageOfPage\":{\"@id\":\"https:\/\/brodinbzh-boutique.fr\/index.php\/produit\/peluche-baby-bear-mumbles\/#primaryimage\"},\"image\":{\"@id\":\"https:\/\/brodinbzh-boutique.fr\/index.php\/produit\/peluche-baby-bear-mumbles\/#primaryimage\"},\"thumbnailUrl\":\"https:\/\/brodinbzh-boutique.fr\/wp-content\/uploads\/2020\/11\/MM556_m_102549.png\",\"datePublished\":\"2020-11-06T17:56:36+00:00\",\"dateModified\":\"2024-08-07T09:31:28+00:00\",\"description\":\"Doudou tout doux pour b\u00e9b\u00e9, \u00e0 personnaliser selon vos envies avec une broderie de haute qualit\u00e9 pos\u00e9e ici en centre Bretagne\",\"breadcrumb\":{\"@id\":\"https:\/\/brodinbzh-boutique.fr\/index.php\/produit\/peluche-baby-bear-mumbles\/#breadcrumb\"},\"inLanguage\":\"fr-FR\",\"potentialAction\":[{\"@type\":\"ReadAction\",\"target\":[\"https:\/\/brodinbzh-boutique.fr\/index.php\/produit\/peluche-baby-bear-mumbles\/\"]}]},{\"@type\":\"ImageObject\",\"inLanguage\":\"fr-FR\",\"@id\":\"https:\/\/brodinbzh-boutique.fr\/index.php\/produit\/peluche-baby-bear-mumbles\/#primaryimage\",\"url\":\"https:\/\/brodinbzh-boutique.fr\/wp-content\/uploads\/2020\/11\/MM556_m_102549.png\",\"contentUrl\":\"https:\/\/brodinbzh-boutique.fr\/wp-content\/uploads\/2020\/11\/MM556_m_102549.png\",\"width\":500,\"height\":500},{\"@type\":\"BreadcrumbList\",\"@id\":\"https:\/\/brodinbzh-boutique.fr\/index.php\/produit\/peluche-baby-bear-mumbles\/#breadcrumb\",\"itemListElement\":[{\"@type\":\"ListItem\",\"position\":1,\"name\":\"Accueil\",\"item\":\"https:\/\/brodinbzh-boutique.fr\/\"},{\"@type\":\"ListItem\",\"position\":2,\"name\":\"Boutique\",\"item\":\"https:\/\/brodinbzh-boutique.fr\/index.php\/boutique\/\"},{\"@type\":\"ListItem\",\"position\":3,\"name\":\"Peluche Baby Bear -MUMBLES\"}]},{\"@type\":\"WebSite\",\"@id\":\"https:\/\/brodinbzh-boutique.fr\/#website\",\"url\":\"https:\/\/brodinbzh-boutique.fr\/\",\"name\":\"Brod&#039;in BZH\",\"description\":\"La personnalisation \u00e0 la port\u00e9e de chacun\",\"publisher\":{\"@id\":\"https:\/\/brodinbzh-boutique.fr\/#organization\"},\"potentialAction\":[{\"@type\":\"SearchAction\",\"target\":{\"@type\":\"EntryPoint\",\"urlTemplate\":\"https:\/\/brodinbzh-boutique.fr\/?s={search_term_string}\"},\"query-input\":{\"@type\":\"PropertyValueSpecification\",\"valueRequired\":true,\"valueName\":\"search_term_string\"}}],\"inLanguage\":\"fr-FR\"},{\"@type\":\"Organization\",\"@id\":\"https:\/\/brodinbzh-boutique.fr\/#organization\",\"name\":\"Brod&#039;in BZH\",\"url\":\"https:\/\/brodinbzh-boutique.fr\/\",\"logo\":{\"@type\":\"ImageObject\",\"inLanguage\":\"fr-FR\",\"@id\":\"https:\/\/brodinbzh-boutique.fr\/#\/schema\/logo\/image\/\",\"url\":\"https:\/\/brodinbzh-boutique.fr\/wp-content\/uploads\/2020\/10\/cropped-bb-e1617185142758.png\",\"contentUrl\":\"https:\/\/brodinbzh-boutique.fr\/wp-content\/uploads\/2020\/10\/cropped-bb-e1617185142758.png\",\"width\":45,\"height\":45,\"caption\":\"Brod&#039;in BZH\"},\"image\":{\"@id\":\"https:\/\/brodinbzh-boutique.fr\/#\/schema\/logo\/image\/\"}}]}<\/script>\n<!-- \/ Yoast SEO plugin. -->","yoast_head_json":{"title":"Peluche Baby Bear -MUMBLES - Peluche Baby Bear -MUMBLES","description":"Doudou tout doux pour b\u00e9b\u00e9, \u00e0 personnaliser selon vos envies avec une broderie de haute qualit\u00e9 pos\u00e9e ici en centre Bretagne","robots":{"index":"index","follow":"follow","max-snippet":"max-snippet:-1","max-image-preview":"max-image-preview:large","max-video-preview":"max-video-preview:-1"},"canonical":"https:\/\/brodinbzh-boutique.fr\/index.php\/produit\/peluche-baby-bear-mumbles\/","og_locale":"fr_FR","og_type":"article","og_title":"Peluche Baby Bear -MUMBLES - Peluche Baby Bear -MUMBLES","og_description":"Doudou tout doux pour b\u00e9b\u00e9, \u00e0 personnaliser selon vos envies avec une broderie de haute qualit\u00e9 pos\u00e9e ici en centre Bretagne","og_url":"https:\/\/brodinbzh-boutique.fr\/index.php\/produit\/peluche-baby-bear-mumbles\/","og_site_name":"Brod&#039;in BZH","article_modified_time":"2024-08-07T09:31:28+00:00","og_image":[{"width":500,"height":500,"url":"https:\/\/brodinbzh-boutique.fr\/wp-content\/uploads\/2020\/11\/MM556_m_102549.png","type":"image\/png"}],"twitter_card":"summary_large_image","twitter_misc":{"Dur\u00e9e de lecture estim\u00e9e":"1 minute"},"schema":{"@context":"https:\/\/schema.org","@graph":[{"@type":"WebPage","@id":"https:\/\/brodinbzh-boutique.fr\/index.php\/produit\/peluche-baby-bear-mumbles\/","url":"https:\/\/brodinbzh-boutique.fr\/index.php\/produit\/peluche-baby-bear-mumbles\/","name":"Peluche Baby Bear -MUMBLES - Peluche Baby Bear -MUMBLES","isPartOf":{"@id":"https:\/\/brodinbzh-boutique.fr\/#website"},"primaryImageOfPage":{"@id":"https:\/\/brodinbzh-boutique.fr\/index.php\/produit\/peluche-baby-bear-mumbles\/#primaryimage"},"image":{"@id":"https:\/\/brodinbzh-boutique.fr\/index.php\/produit\/peluche-baby-bear-mumbles\/#primaryimage"},"thumbnailUrl":"https:\/\/brodinbzh-boutique.fr\/wp-content\/uploads\/2020\/11\/MM556_m_102549.png","datePublished":"2020-11-06T17:56:36+00:00","dateModified":"2024-08-07T09:31:28+00:00","description":"Doudou tout doux pour b\u00e9b\u00e9, \u00e0 personnaliser selon vos envies avec une broderie de haute qualit\u00e9 pos\u00e9e ici en centre Bretagne","breadcrumb":{"@id":"https:\/\/brodinbzh-boutique.fr\/index.php\/produit\/peluche-baby-bear-mumbles\/#breadcrumb"},"inLanguage":"fr-FR","potentialAction":[{"@type":"ReadAction","target":["https:\/\/brodinbzh-boutique.fr\/index.php\/produit\/peluche-baby-bear-mumbles\/"]}]},{"@type":"ImageObject","inLanguage":"fr-FR","@id":"https:\/\/brodinbzh-boutique.fr\/index.php\/produit\/peluche-baby-bear-mumbles\/#primaryimage","url":"https:\/\/brodinbzh-boutique.fr\/wp-content\/uploads\/2020\/11\/MM556_m_102549.png","contentUrl":"https:\/\/brodinbzh-boutique.fr\/wp-content\/uploads\/2020\/11\/MM556_m_102549.png","width":500,"height":500},{"@type":"BreadcrumbList","@id":"https:\/\/brodinbzh-boutique.fr\/index.php\/produit\/peluche-baby-bear-mumbles\/#breadcrumb","itemListElement":[{"@type":"ListItem","position":1,"name":"Accueil","item":"https:\/\/brodinbzh-boutique.fr\/"},{"@type":"ListItem","position":2,"name":"Boutique","item":"https:\/\/brodinbzh-boutique.fr\/index.php\/boutique\/"},{"@type":"ListItem","position":3,"name":"Peluche Baby Bear -MUMBLES"}]},{"@type":"WebSite","@id":"https:\/\/brodinbzh-boutique.fr\/#website","url":"https:\/\/brodinbzh-boutique.fr\/","name":"Brod&#039;in BZH","description":"La personnalisation \u00e0 la port\u00e9e de chacun","publisher":{"@id":"https:\/\/brodinbzh-boutique.fr\/#organization"},"potentialAction":[{"@type":"SearchAction","target":{"@type":"EntryPoint","urlTemplate":"https:\/\/brodinbzh-boutique.fr\/?s={search_term_string}"},"query-input":{"@type":"PropertyValueSpecification","valueRequired":true,"valueName":"search_term_string"}}],"inLanguage":"fr-FR"},{"@type":"Organization","@id":"https:\/\/brodinbzh-boutique.fr\/#organization","name":"Brod&#039;in BZH","url":"https:\/\/brodinbzh-boutique.fr\/","logo":{"@type":"ImageObject","inLanguage":"fr-FR","@id":"https:\/\/brodinbzh-boutique.fr\/#\/schema\/logo\/image\/","url":"https:\/\/brodinbzh-boutique.fr\/wp-content\/uploads\/2020\/10\/cropped-bb-e1617185142758.png","contentUrl":"https:\/\/brodinbzh-boutique.fr\/wp-content\/uploads\/2020\/10\/cropped-bb-e1617185142758.png","width":45,"height":45,"caption":"Brod&#039;in BZH"},"image":{"@id":"https:\/\/brodinbzh-boutique.fr\/#\/schema\/logo\/image\/"}}]}},"jetpack_sharing_enabled":true,"_links":{"self":[{"href":"https:\/\/brodinbzh-boutique.fr\/index.php\/wp-json\/wp\/v2\/product\/2120","targetHints":{"allow":["GET"]}}],"collection":[{"href":"https:\/\/brodinbzh-boutique.fr\/index.php\/wp-json\/wp\/v2\/product"}],"about":[{"href":"https:\/\/brodinbzh-boutique.fr\/index.php\/wp-json\/wp\/v2\/types\/product"}],"replies":[{"embeddable":true,"href":"https:\/\/brodinbzh-boutique.fr\/index.php\/wp-json\/wp\/v2\/comments?post=2120"}],"version-history":[{"count":1,"href":"https:\/\/brodinbzh-boutique.fr\/index.php\/wp-json\/wp\/v2\/product\/2120\/revisions"}],"predecessor-version":[{"id":2125,"href":"https:\/\/brodinbzh-boutique.fr\/index.php\/wp-json\/wp\/v2\/product\/2120\/revisions\/2125"}],"wp:featuredmedia":[{"embeddable":true,"href":"https:\/\/brodinbzh-boutique.fr\/index.php\/wp-json\/wp\/v2\/media\/2124"}],"wp:attachment":[{"href":"https:\/\/brodinbzh-boutique.fr\/index.php\/wp-json\/wp\/v2\/media?parent=2120"}],"wp:term":[{"taxonomy":"product_brand","embeddable":true,"href":"https:\/\/brodinbzh-boutique.fr\/index.php\/wp-json\/wp\/v2\/product_brand?post=2120"},{"taxonomy":"product_cat","embeddable":true,"href":"https:\/\/brodinbzh-boutique.fr\/index.php\/wp-json\/wp\/v2\/product_cat?post=2120"},{"taxonomy":"product_tag","embeddable":true,"href":"https:\/\/brodinbzh-boutique.fr\/index.php\/wp-json\/wp\/v2\/product_tag?post=2120"}],"curies":[{"name":"wp","href":"https:\/\/api.w.org\/{rel}","templated":true}]}}